 + 2022211120121?
2022211120201
In base 6, what is -125035305212 + 1?
-125035305211
In base 9, what is 357 + 32326?
32684
In base 8, what is 15172173 + 11?
15172204
In base 6, what is -15400011 + -54?
-15400105
In base 7, what is -141500565 + -21?
-141500616
In base 10, what is -58765 + 17?
-58748
In base 9, what is 16451 - -6208?
23660
In base 9, what is 142023 + -71?
141842
In base 15, what is 48db + -31d1?
170a
In base 13, what is -8560b4 - -7c?
-856035
In base 4, what is 20330 + -3023320?
-3002330
In base 6, what is 5 + 113204114?
113204123
In base 12, what is -8a - -11b014?
11ab46
In base 4, what is 122322 + 21313332?
22102320
In base 2, what is 11000101001111111101 - 110?
11000101001111110111
In base 12, what is -5 + 1270a07?
1270a02
In base 10, what is -2161619 - -13?
-2161606
In base 14, what is -b0272 - -9?
-b0267
In base 4, what is 1002 - 223300101?
-223233033
In base 8, what is 1465773 + -6706?
1457065
In base 9, what is 8184 - -8530?
17724
In base 5, what is -104302042 - -10132?
-104241410
In base 4, what is 110101031 - 110122?
103330303
In base 15, what is 264 + 948a?
96ee
In base 7, what is -115 + -5532113?
-5532231
In base 13, what is 11cb - -54440?
5563b
In base 2, what is -1001011 - 1101001001001011?
-1101001010010110
In base 16, what is -9e441ae + 3?
-9e441ab
In base 13, what is -1c1 - -13c39?
13a48
In base 11, what is 2 - 4634356?
-4634354
In base 7, what is -2165664 - 124?
-2166121
In base 11, what is 4 + -2786348?
-2786344
In base 8, what is 1 + 71046245?
71046246
In base 6, what is 13 - -44105332?
44105345
In base 10, what is 2 - -3265607?
3265609
In base 12, what is -a6902 + 1325?
-a5599
In base 7, what is 5 + 1530525103?
1530525111
In base 9, what is 42012848 - -3?
42012852
In base 16, what is -5c + -1c3589?
-1c35e5
In base 5, what is -3102 + 14432142?
14424040
In base 13, what is 78980 - -b0?
78a60
In base 9, what is 22 - -480188?
480221
In base 10, what is -39248 - -170?
-39078
In base 2, what is -10110011001001111011 + 1010001010?
-10110010111111110001
In base 7, what is -2 - -151155461?
151155456
In base 11, what is -322a + 116a?
-2070
In base 14, what is 7 - -2693d?
26946
In base 3, what is 1022201 + 121012001202?
121020101110
In base 11, what is -2 + 77685329?
77685327
In base 13, what is 14b34 + -71a?
14417
In base 9, what is 4 - 17814188?
-17814184
In base 3, what is 210222211201 + 1110010?
211001021211
In base 10, what is 1129190 + 377?
1129567
In base 2, what is -111100100110 + 101110110010011?
100111001101101
In base 5, what is -4 - 2011304314?
-2011304323
In base 16, what is -6279 + -406?
-667f
In base 10, what is 10665979 + 46?
10666025
In base 14, what is -26cd6 - 4211?
-2b107
In base 10, what is -21 + 71513?
71492
In base 8, what is -56054 - -235?
-55617
In base 4, what is 203 + 232102221?
232103030
In base 11, what is 1666 - 658?
1009
In base 11, what is 81246 - 6?
81240
In base 9, what is 166522753 + -3?
166522750
In base 12, what is -6b9 - 6017?
-6714
In base 7, what is -4050022 + 164?
-4046525
In base 7, what is 11440631 + -23?
11440605
In base 9, what is 6305618 + 12?
6305631
In base 14, what is -22 + 50a65d?
50a63b
In base 7, what is -241641546 + -36?
-241641615
In base 13, what is 125554 - 4b?
125506
In base 6, what is -2414 + -15540503?
-15543321
In base 13, what is 99b406c + -4?
99b4068
In base 5, what is 14033334123 - -2?
14033334130
In base 9, what is -1780638 + 3?
-1780635
In base 2, what is -111111110101111 + -1000111011100?
-1001000110001011
In base 2, what is 100010001111111000001001101 + 1?
100010001111111000001001110
In base 8, what is 25 - 7121153?
-7121126
In base 13, what is -3 + 1b1ab?
1b1a8
In base 8, what is -123620 + -213?
-124033
In base 3, what is 12122222 + -112022020?
-22122021
In base 9, what is -1 + -6248027?
-6248028
In base 11, what is 18a4 - -26947?
28740
In base 4, what is -22000313 + -211133?
-22212112
In base 7, what is 62052420 - -2?
62052422
In base 11, what is -3332 - -2901?
-531
In base 14, what is -2 - 94db26?
-94db28
In base 8, what is 1266706 - -34?
1266742
In base 15, what is 1aed6 + -52?
1ae84
In base 12, what is -26247b - 4?
-262483
In base 5, what is -3040211 + -12434?
-3103200
In base 10, what is 417 + 18825?
19242
In base 9, what is -4001 - -35075?
31074
In base 16, what is ae7 - -ab38?
b61f
In base 14, what is -3 + 1807c9a?
1807c97
In base 8, what is 12425 + 24507?
37134
In base 10, what is 37634 + 2086?
39720
In base 10, what is -2914228 - 18?
-2914246
In base 12, what is 7115 - 11986?
-6871
In base 11, what is 4920 + 2a?
494a
In base 2, what is 1010001110101 - -111010101000?
10001100011101
In base 5, what is 1 - -311032340?
311032341
In base 12, what is 173ba5 - -10?
173bb5
In base 15, what is 55 - 18518?
-184b3
In base 5, what is 1004243 - -1114?
1010412
In base 7, what is -43 + 26465?
26422
In base 5, what is -4 + 14104401343?
14104401334
In base 14, what is 74268 + 8?
74272
In base 14, what is -3aa + 295b4?
29208
In base 14, what is -25 - c9995b?
-c99982
In base 5, what is -303414314 + 442?
-303413322
In base 2, what is -1000100101100001000111111101 - 10?
-1000100101100001000111111111
In base 5, what is 3311211432 - 23?
3311211404
In base 5, what is 201111431 - -4?
201111440
In base 5, what is 433343 - -120312?
1104210
In base 10, what is -547 - 37692?
-38239
In base 3, what is 1002020200012020022 - -1?
1002020200012020100
In base 4, what is -3 + -123033100?
-123033103
In base 3, what is 1101201 - 22021110122?
-22020001221
In base 15, what is 171 + -5029?
-4da8
In base 6, what is 245 - -343211?
343500
In base 10, what is -29 + -780573?
-780602
In base 11, what is 12 - -189720?
189732
In base 10, what is 111246990 + 4?
111246994
In base 16, what is -5a63ff + 5?
-5a63fa
In base 11, what is 1 + -81a6a792?
-81a6a791
In base 2, what is -10101101101 + -100111011110101111?
-100111110100011100
In base 10, what is -221360837 + 3?
-221360834
In base 3, what is -2022 + -122220010220?
-122220020012
In base 5, what is 40340 - 23331?
12004
In base 5, what is 14142322004 - 4?
14142322000
In base 13, what is 1021b8194 - -2?
1021b8196
In base 15, what is 7 + -107900?
-1078e8
In base 5, what is -41301324 - 434?
-41302313
In base 8, what is -453503063 - 1?
-453503064
In base 10, what is 12355 - 3064?
9291
In base 10, what is 808704714 + -3?
808704711
In base 5, what is 102 - -10224221442?
10224222044
In base 9, what is 1238411 - 303?
1238107
In base 5, what is -44 - -23412404020?
23412403421
In base 4, what is 1002022131 + 101?
1002022232
In base 6, what is -5 + -3314441?
-3314450
In base 4, what is -2022210 + -2322223?
-11011033
In base 6, what is 154 + 22055251?
22055445
In base 15, what is -24e + 15a6b9?
15a46a
In base 14, what is 56 + 18392?
18408
In base 4, what is 210313010231 - 130?
210313010101
In base 16, what is -12f2b9b - -4?
-12f2b97
In base 2, what is 10001011100101 + -1011001001110?
110010010111
In base 13, what is -c41375 + -b8?
-c41460
In base 16, what is 3129 - -f1a0?
122c9
In base 8, what is -3575603 + 34?
-3575547
In base 2, what is -1010100011 - -110010101?
-100001110
In base 5, what is -2300104 + -101042?
-2401201
In base 16, what is -5 + 8c03402?
8c033fd
In base 6, what is 1150 + -1142434?
-1141244
In base 12, what is -34b8101b - -4?
-34b81017
In base 15, what is 3 - -136b6e1b?
136b6e1e
In base 10, what is -243873 + -131?
-244004
In base 8, what is -13313 + -416?
-13731
In base 8, what is -105 + 20664767?
20664662
In base 11, what is -3 + 4548a?
45487
In base 11, what is 103656009 + -1?
103656008
In base 14, what is -234 + -1a5d9?
-1a82d
In base 16, what is 276a + -5?
2765
In base 10, what is -2 - -18158997?
18158995
In base 12, what is 14 - 4054b59?
-4054b45
In base 11, what is -9500079 - 0?
-9500079
In base 15, what is -391a + 3a5?
-3565
In base 15, what is eea066 + -12?
eea054
In base 13, what is bc - 26a38?
-26949
In base 14, what is 629b - -99?
6356
In base 7, what is 134 - 6252?
-6115
In base 11, what is -11757 - -578?
-1118a
In base 12, what is b986 + -37?
b94b
In base 6, what is 2303204121 - -104?
2303204225
In base 16, what is -b51fb2 - 0?
-b51fb2
In base 15, what is 7404e - -2d?
7407c
In base 3, what is -2200221000011 - 211?
-2200221000222
In base 8, what is -10 - 2017600?
-2017610
In base 10, what is -1393 + 8023?
6630
In base 16, w